e f(8). Suppose -6*k + t*k = 6. What is the greatest common divisor of 4 and k?
2
Suppose 5*y + 71 = 371. Let g = -895 - -919. What is the highest common factor of g and y?
12
Let c = -89 - -230. Calculate the greatest common divisor of 94 and c.
47
Suppose -15*b + 248 = 173. Calculate the greatest common factor of b and 205.
5
Let w be (3 - 0) + (-65)/(520/(-408)). Let a(u) = -u**3 - 5*u**2 - 7*u - 6. Let m be a(-4). What is the greatest common factor of w and m?
6
Suppose -2*b - 6*r - 45 = -r, -4*b = -3*r + 77. Let h(m) = -m**3 - 20*m**2 + 12. Let d be h(b). What is the greatest common divisor of 48 and d?
12
Let d(n) = -7*n - 5. Let k be d(-1). Suppose 4*i + 5*q = 14, k*i + 2*q - 10 + 4 = 0. Let f = -26 - -37. What is the greatest common factor of i and f?
1
Let q = 106 + -94. Calculate the highest common factor of 192 and q.
12
Let n = -15 - 147. Let x = n - -207. Calculate the greatest common factor of 36 and x.
9
Let k(l) = -l**2 + l - 52. Let w be k(0). Let r = -43 - w. What is the highest common factor of r and 36?
9
Let v = 52 + -27. Suppose -n = 4*n - v. Suppose -3*q + n*w = -12, -9 = -4*q + 5*w + 7. What is the greatest common factor of 44 and q?
4
Let b be (-487 + 1)*(17 + 1007/(-57)). What is the highest common factor of b and 243?
81
Let a be (20 - 0)*2*(0 + -1). Let u = 64 + a. Calculate the highest common divisor of u and 3.
3
Let n = 1 - -16. Suppose 4*h = 11 + 9, 740 = 5*z - 5*h. Calculate the highest common factor of n and z.
17
Let v = 194 + -180. Calculate the greatest common divisor of v and 4.
2
Let y be ((-4)/8)/(71/6 - 12). Suppose 0 = -s - s + 10, 115 = 4*h + 3*s. Let z be h - 2 - 4/2. Calculate the highest common divisor of z and y.
3
Let p = -33 + 43. Suppose 2*b - p*b + 120 = 0. What is the greatest common divisor of 45 and b?
15
Let d be -10 - -19 - (0 - 1). Let b be 5*(0 - (-4)/5). Let i(r) = r**2 + 2*r - 4. Let a be i(b). Calculate the greatest common divisor of a and d.
10
Let q be (-12)/66 + 194/(-22). Let z be q/(-6) - (-21)/2. Suppose c - 2*c = -6. Calculate the highest common factor of c and z.
6
Let p(c) = 4*c**2 - 9*c + 45. Let g be p(12). Calculate the highest common factor of 57 and g.
57
Suppose 0*q + 363 = 4*v - 5*q, -2*v - 4*q + 214 = 0. Let j = -83 + v. Let l(w) = w**2 - w + 98. Let n be l(0). Calculate the highest common factor of j and n.
14
Let l = -21 + 46. Suppose f + l = 6*f. Suppose -2*g = x - 19, -25*x - 28 = -3*g - 27*x. What is the highest common divisor of f and g?
5
Let f = -16695 - -16735. Suppose 36 = 3*s + 3*j + 9, 0 = 3*s + 2*j - 26. Suppose 108 - s = n. What is the greatest common divisor of n and f?
20
Let f be (121/2)/(24/48). What is the greatest common factor of 11 and f?
11
Let g be 50/4*3102/55. Calculate the greatest common divisor of 15 and g.
15
Let h be (-6)/(-27) + 466/9. Let m be (-13)/(1040/(-2050)) + (-3)/(-8). Calculate the greatest common factor of m and h.
26
Suppose 4*m - m - 63 = 0. Let n(q) = -14*q**3 - 3*q**2 + 3. Let k be n(-1). What is the highest common divisor of m and k?
7
Let k(w) = -12*w - 29. Let o be k(-12). Let r = -108 + o. Calculate the greatest common factor of r and 49.
7
Let l(q) = 75 - q - 41 + 0*q + 4*q. Let k be l(0). Calculate the highest common factor of k and 68.
34
Let p = 685 + -645. Suppose -2*m + 3*m + 303 = 5*g, -2*m + 294 = 5*g. What is the highest common divisor of p and g?
20
Let u = -353 + 728. Calculate the greatest common divisor of u and 225.
75
Let b = 17 + 43. Suppose -3*s - s + b = 0. Suppose -3*o + 4*q = -5*o + 78, s = -5*q. Calculate the highest common factor of 5 and o.
5
Suppose -2*u - 24 = -4*x - 5*u, -x + 5*u = 17. Suppose 30 = -x*m + 90. Calculate the highest common divisor of 4 and m.
4
Suppose -3*n + 26*o = 30*o - 270, 0 = 4*n - o - 360. Calculate the highest common factor of 18 and n.
18
Let r = 13 + -12. Suppose 3 = -2*a - r. Let n be (-4)/(1/6*a). What is the greatest common divisor of n and 12?
12
Let n be ((-660)/(-8))/5 + (-29)/58. Let r be (-58)/(-7) + (-6)/21. What is the highest common divisor of n and r?
8
Let s(i) = -2*i**2 + 7*i**2 - i + 0*i**2 - 3*i**2 + 1. Let u be s(2). Suppose 3*g - 3 = k + u*g, -k = -g - 22. What is the highest common factor of 153 and k?
17
Let i(a) = a**2 - 2*a - 4. Let q be i(-3). Suppose -w - 495 = -16*w. Calculate the highest common factor of q and w.
11
Suppose 2*b + 8 = -3*h, 2*h + 9 = -5*b - 0*b. Let j be (-2)/h - (-3)/(-3). Suppose j = 3*m - 6*m + 45. Calculate the greatest common divisor of 105 and m.
15
Let p(c) = -6*c + 7*c + 2 - 3. Let i(y) = y - 1. Let s(d) = -2*i(d) - 2*p(d). Let z be s(-4). What is the highest common divisor of 5 and z?
5
Let g be 1/(-2) - 13/(-2). Let s(t) = 24*t - 14. Let f be s(g). Calculate the highest common divisor of 52 and f.
26
Let w = 98 - -21. Let q = 7 + -4. Suppose q*o = v + v - 37, -4*o = -3*v + 55. What is the greatest common factor of w and v?
17
Suppose 4*l - 236 - 424 = 0. What is the highest common divisor of 110 and l?
55
Let n = 104 + 91. Calculate the highest common factor of n and 156.
39
Let n(p) = p**3 + 6*p**2 + 2. Let v = 17 - 23. Let l be n(v). Suppose -l*o = o - 27. What is the greatest common divisor of o and 9?
9
Suppose 169 = 22*y - 535. What is the greatest common factor of y and 480?
32
Let l be 205 + -3 + (3 - 5). Calculate the greatest common factor of l and 150.
50
Suppose 4*n + 156 = 56. Let y be (-45)/n*(1 + 9). What is the highest common divisor of 126 and y?
18
Suppose 2*y + 5 = 1. Let q be (-123)/(-6) - 1/y. Suppose -6*c + q = -5*c. What is the greatest common divisor of 7 and c?
7
Let t = 3 - 8. Let a be -2 - 10/t - -48. What is the highest common factor of 12 and a?
12
Suppose -5*u - 5*s = -10, 0 = -2*u + s - 1 - 7. Let z be 111/u*-2 + -1. Suppose -120 = -15*c + 8*c - 5*c. Calculate the greatest common factor of z and c.
10
Let i(a) = a**2 - 5*a + 1. Let o = 17 + -12. Let j be i(o). Let d be ((-20)/4)/(j/(-6)). Calculate the greatest common divisor of 20 and d.
10
Suppose 416 = 316*u - 290*u. Calculate the highest common factor of 88 and u.
8
Suppose 6 = 3*f - 5*d - 7, 5*d + 19 = 4*f. Let b = 0 + f. Let o = -864 + 906. Calculate the highest common divisor of b and o.
6
Suppose -14*v + 962 = -46. Calculate the highest common factor of v and 8.
8
Let o(v) = 9*v**2 + 2*v + 1. Suppose 0 = 4*a - a + 3. Let u be o(a). Suppose -6286*g + 360 = -6256*g. Calculate the greatest common factor of g and u.
4
Let d = 1 + 1. Suppose 3*z - d*f = -5*f + 177, 0 = 4*z + f - 245. Suppose r = 1 + z. Calculate the highest common divisor of r and 7.
7
Suppose -4*k + 5*j = -680, -17*k + 12*k + 859 = -4*j. Calculate the highest common factor of 35 and k.
35
Let u(b) = -8*b - 20. Let o be u(-3). Suppose 3*f - 31 = -o. Calculate the highest common divisor of 63 and f.
9
Let s(a) = a**2 + 7*a - 36. Let n be s(-13). What is the greatest common factor of 24 and n?
6
Let g be (-5)/(0 - -1) + 7. Let n = -4 - -26. Calculate the greatest common divisor of g and n.
2
Suppose -2*u - 5*g = -53, g - 12 + 50 = 5*u. Suppose 0 = 4*t - 8. Calculate the highest common factor of t and u.
1
Let a = 816 - 790. What is the greatest common divisor of a and 247?
13
Let r be (-2)/(-12) + 20/24. Let o be -12*(-2 - (2 + r)/(-3)). Calculate the greatest common divisor of o and 12.
12
Let x = 351 + -311. What is the highest common divisor of x and 60?
20
Let w(u) = 3*u**3 - 11 - 5*u**2 + 3*u**3 + 5*u - 5*u**3. Let b be w(5). Calculate the greatest common divisor of b and 14.
14
Suppose -5*s - 83 = -2*n, -4*n + 2*s + 74 + 100 = 0. Let f be (297/n)/(1/4). Suppose 3*m - 4*m = -f. Calculate the greatest common divisor of 108 and m.
27
Suppose 3*f = 215 + 34. Suppose 5*n + 130 = 4*m, f + 3 = -3*n + 4*m. Let a = 70 + n. Calculate the greatest common divisor of a and 72.
24
Suppose 2*v - u - 222 = 23, 5*u - 95 = -v. Calculate the highest common factor of 16 and v.
8
Let v(d) = d + 1. Let x(o) = 22*o - 2. Let u(n) = -5*v(n) - x(n). Let b = -5 - -3. Let r be u(b). What is the highest common factor of 17 and r?
17
Suppose -8*h + 11*h - 300 = 0. Calculate the highest common factor of 80 and h.
20
Let r be (-26)/8*(-96)/6. Suppose 0 = -54*i + r*i + 30. What is the greatest common factor of i and 105?
15
Suppose -822 = -4*k + 1670. What is the highest common factor of 7 